= -5*f. Suppose 310 + 53 = f*z. Calculate the greatest common factor of 11 and z.
11
Let w(y) = -y**3 + 7*y**2 + 12*y - 27. Let d be w(8). Calculate the highest common divisor of d and 2.
1
Let n be (2 - -32) + (-4)/(-2). Suppose -o + 0 = -n. Let g = 17 - -7. What is the greatest common divisor of o and g?
12
Let v = -20 + 30. Let x = 25 - v. Suppose -13*z = -163 + 33. What is the greatest common divisor of x and z?
5
Let z be (-2)/(1 + (-213)/207). Suppose 3*v = 2*b + 103, -2*v - 2*b = -3*b - z. What is the highest common factor of 14 and v?
7
Let z(b) = 5*b + 5*b - 3 - 3*b - 5. Let u be z(4). Calculate the highest common divisor of u and 30.
10
Let r(k) = k**2 - 9*k - 14. Let p be r(11). What is the greatest common divisor of p and 12?
4
Suppose -2*t = 3*j - 2*j - 19, -4*j + 5*t = -11. Let l be (-4)/18 - 493/j. Let x = -35 - l. Calculate the highest common divisor of x and 10.
10
Suppose 27 = -5*m + 7. Let x = 8 + m. Suppose x*z + 6*g = 2*g + 24, -4*z = g - 30. What is the greatest common factor of 40 and z?
8
Suppose 3*w - 2*a = 80, 4*w + 3*a = 3*w + 12. Let f(k) = k**2 - 5*k. Let z be (-3 - 1)*(-3)/(-3). Let m be f(z). What is the highest common divisor of w and m?
12
Let q = 24 - 45. Let t = q - -31. Calculate the highest common factor of 70 and t.
10
Suppose 4*v = v + 12. Calculate the greatest common factor of v and 32.
4
Let a be 18/(-27) - -56*(-2)/(-6). What is the greatest common factor of a and 6?
6
Suppose -i = h + 3*i + 42, i = h + 37. Let b = 83 + h. What is the highest common divisor of b and 5?
5
Let d be 6/(-2)*-2 - 0. Let m = -5 + d. What is the highest common factor of 2 and m?
1
Suppose 4*q - 94 = -5*k + 52, -2*k + 4 = 0. Let z be (-85)/(-1)*2/4*2. What is the highest common divisor of z and q?
17
Suppose -4*h - 61 = -5*m, -5*m - 1 = -6. Let c = -12 - h. Calculate the highest common divisor of 16 and c.
2
Suppose -3*l + 33 = 3*h, -4*l + 22 = 3*h - 17. Calculate the greatest common divisor of l and 9.
3
Let x be (-3)/(9/(-24) + 0). Suppose -t = 4*k - 2*t - x, -k - t = -2. Calculate the greatest common divisor of k and 4.
2
Let b(n) be the first derivative of n**2/2 + 2*n + 3. Let g be b(0). What is the greatest common divisor of g and 22?
2
Suppose -s - 4 = 0, -4*o + 3*s = 60 - 172. What is the highest common factor of 275 and o?
25
Let h(f) = -2*f + 9. Let l be h(7). Let d = -2 - l. Suppose -4*c + 2 = -d*c. Calculate the greatest common divisor of c and 16.
2
Let o(r) = -r**3 - 5*r**2 - 10*r - 8. Let t be o(-6). Let i = -16 + -7. Let j be 1/(-2 + i/(-11)). What is the greatest common divisor of t and j?
11
Suppose -5*u = -g - g + 46, -g = u - 23. Suppose 12 = i - g. Let k(h) = h**2 + 8*h + 5. Let b be k(-9). What is the greatest common divisor of b and i?
7
Suppose -c - 62 = -f, -5*f + 436 = 4*c + 99. Calculate the highest common divisor of 13 and f.
13
Let r be (1/3)/((-4)/(-96)). Let h = 65 + -53. What is the greatest common factor of h and r?
4
Suppose 0*j = -2*j + 6. Suppose 4*n - 6*n + 12 = 0. What is the highest common factor of n and j?
3
Let h(j) = 9*j**3 - j**2 + j. Let k be (-1 - -2*1) + -1. Let t = 1 - k. Let w be h(t). Calculate the greatest common divisor of 3 and w.
3
Suppose 2*t - 4*m = 24, 0 = -0*t - 3*t - 4*m + 36. Calculate the greatest common factor of t and 6.
6
Let s(m) = 25*m + 2. Let k be s(1). Calculate the greatest common factor of 3 and k.
3
Let q = -140 - -180. Let j be 4*(-1 + 1 - -2). What is the greatest common factor of q and j?
8
Let h be 1 + 3/(-1) + 22. What is the greatest common factor of 40 and h?
20
Let g(w) = -w**3 + 8*w**2 + 4*w - 5. Let i be g(10). Let a(v) = -117*v - 1. Let l be a(-2). Let h = i + l. What is the highest common divisor of 17 and h?
17
Let s be (-227)/(-3) + (-4)/6. Suppose -5*w = -7*w + 50. Calculate the highest common divisor of w and s.
25
Let h be (-60)/(-2)*2/4. Calculate the highest common divisor of h and 165.
15
Let s(b) be the first derivative of -3*b**2 + 3*b - 2. Let w be (-4)/(12/(-3))*-3. Let z be s(w). Calculate the highest common factor of z and 3.
3
Suppose 2*m - 2*n = -4*n - 2, 0 = -m + 2*n + 14. Suppose m*r - 148 - 72 = 0. What is the greatest common divisor of r and 11?
11
Let k(n) = 11*n**3 + n**2 + n - 1. Let x be k(1). Suppose -6*h + 2*h = 0. Suppose h*m = m - x. What is the highest common factor of 108 and m?
12
Let c(j) = j**3 + j**2 + 2*j + 16. Let h be c(0). Calculate the greatest common divisor of h and 48.
16
Suppose -g - 45 = -6*g - a, -3*g + 4*a = -4. Calculate the highest common divisor of 72 and g.
8
Suppose 3*h - 8 = h. Suppose -4*l - 308 = -5*a, h*a = 5*a + 2*l - 56. Calculate the highest common divisor of 24 and a.
12
Suppose 6 = n + 1. Suppose c = n*d - 36 + 12, -2*d + 12 = 2*c. Suppose 96 = 3*z + d*x, 2*z - 42 = 4*x - 0*x. Calculate the greatest common factor of 18 and z.
9
Let u be (2 - 1/2)*2. Let x be -3 - (-198 + 0) - u. Suppose 2*l + l - x = 0. What is the greatest common divisor of 16 and l?
16
Suppose 0 = j - 3*k + k - 26, -3*j = -4*k - 68. Calculate the highest common divisor of j and 176.
16
Let f(p) = 41*p**3 - p. Let i be f(1). What is the highest common factor of 5 and i?
5
Let k be 4/2 - 13/(-1). Suppose -7*y - 19 = -2*p - 8*y, -4*y - 24 = -2*p. What is the greatest common divisor of k and p?
5
Suppose 0 = 5*j - 0 - 5. What is the highest common divisor of j and 1?
1
Let z = -11 - -15. Suppose -5*b = z*a - 46, 2*a - 12 = -3*b + 12. Let v = 22 - a. What is the greatest common divisor of v and 104?
13
Let w = 14 + -1. Let x = 25 - w. Calculate the highest common factor of x and 84.
12
Let n(k) = -k**3 + 13*k**2 + 17*k - 31. Let w be n(14). What is the highest common divisor of 55 and w?
11
Let g = 14 + 3. Suppose f + 3 = g. Calculate the greatest common factor of 70 and f.
14
Let q(x) = x + 27. Let j be q(-17). Calculate the highest common divisor of 15 and j.
5
Let o(m) = -m - 1. Let j(z) = 9*z - 1. Let u(l) = -3*j(l) + 6*o(l). Let q be u(-2). Calculate the highest common factor of q and 21.
21
Suppose 0 = 5*w - 0*w + 40. Let r = 20 + w. What is the greatest common divisor of r and 6?
6
Suppose 7*a + 12 = 4*a. Let h be (-1 + a)/(6/(-12)). What is the greatest common divisor of h and 110?
10
Let s = -2 + 4. Suppose 0 = a + 4*p - 4, 2*a + 3*a + s*p = 110. Calculate the greatest common divisor of a and 96.
24
Let f = 132 - 41. Calculate the greatest common divisor of 13 and f.
13
Let x = -89 + 161. Suppose 0 = -y + 5. Let o = y + 4. Calculate the highest common divisor of o and x.
9
Let s be 7/(-28) - (-33)/4. Let o(c) = 3*c - 2. Let v be o(s). What is the greatest common divisor of v and 11?
11
Let b = -5 - -11. Calculate the highest common factor of 66 and b.
6
Let t(o) = o**3 - o + 154. Let q be t(0). Suppose 24 = 4*p - 64. What is the highest common divisor of q and p?
22
Suppose 0 = -5*z + y + 123, -40 - 47 = -4*z - 3*y. Let t = z + -17. What is the highest common factor of t and 63?
7
Suppose 2*d - 4*l + 6 = -0*d, -4 = 3*d - 5*l. Let f = 11 - d. Suppose 132 = -c + f*c. Calculate the greatest common divisor of c and 66.
22
Suppose 0 = i + 2, -14 = -o + 5*i - 0. Let t(b) = b**2 + 1 + 2 + 4*b - 5*b. Let n be t(o). Calculate the highest common divisor of 10 and n.
5
Let j = -126 + 175. What is the highest common divisor of j and 49?
49
Let t(c) = 3*c + 4. Let o be t(3). Let v(z) = -z**2 + 14*z - 11. Let k be v(o). Suppose 4*m - 5 = 7. Calculate the highest common divisor of k and m.
1
Suppose -12 = 3*t, 2*i = -i - 3*t + 192. What is the greatest common factor of 34 and i?
34
Let a(o) = -o**2 + 105. Let l = -7 + 7. Let p be a(l). Calculate the greatest common factor of p and 15.
15
Let h be (-1048)/(-18) + 6/(-27). Calculate the greatest common divisor of 29 and h.
29
Suppose 0*k - 7*k = -315. What is the greatest common divisor of k and 30?
15
Let d = -1 + 4. Let h = d - -22. Let m be 64/6 - (-2)/(-3). What is the greatest common divisor of m and h?
5
Let l be (-1)/2 - (-2)/(-4). Let s = l + 0. Let v be 2 + 65 + s + -2. What is the highest common divisor of 16 and v?
16
Suppose 3*j = 0, 3*j = 3*p + 2*j. Suppose p = 3*i - i. Let n(r) = r**2 - r + 70. Let b be n(i). What is the highest common divisor of 14 and b?
14
Let d = 85 - 75. Calculate the greatest common divisor of d and 50.
10
Let p = 10 - 2. Let q = p - 13.